 1244384894?
2, 622192447
What are the prime factors of 52690397?
61, 257, 3361
What are the prime factors of 565422091?
13, 17, 2558471
List the prime factors of 136229111.
8293, 16427
What are the prime factors of 1185759131?
1185759131
What are the prime factors of 25344516?
2, 3, 239, 8837
List the prime factors of 131938528.
2, 4123079
List the prime factors of 8465659446.
2, 3, 1410943241
What are the prime factors of 4741179658?
2, 23, 227, 349, 1301
What are the prime factors of 106946465?
5, 37, 293, 1973
What are the prime factors of 302234830?
2, 5, 30223483
What are the prime factors of 3160793992?
2, 47, 8406367
List the prime factors of 104025746.
2, 11, 523, 9041
What are the prime factors of 4381750784?
2, 8558107
What are the prime factors of 41769572?
2, 13, 449, 1789
What are the prime factors of 112228586?
2, 56114293
What are the prime factors of 515690861?
7, 73670123
What are the prime factors of 27130715?
5, 103, 139, 379
What are the prime factors of 131439766?
2, 65719883
What are the prime factors of 3147288205?
5, 83, 7583827
What are the prime factors of 4657464367?
40493, 115019
List the prime factors of 39336893.
59, 666727
List the prime factors of 34199543.
7, 199, 24551
What are the prime factors of 301166044?
2, 29, 541, 4799
What are the prime factors of 130296377?
367, 355031
What are the prime factors of 271473749?
43, 67, 94229
What are the prime factors of 103555561?
59, 1755179
What are the prime factors of 1038243957?
3, 346081319
What are the prime factors of 1978092231?
3, 659364077
List the prime factors of 253468687.
253468687
What are the prime factors of 47236560?
2, 3, 5, 7, 31, 907
What are the prime factors of 456389656?
2, 97, 588131
What are the prime factors of 291260649?
3, 359, 270437
List the prime factors of 650510832.
2, 3, 29, 47, 61, 163
List the prime factors of 190095821.
2377, 79973
List the prime factors of 994375410.
2, 3, 5, 7, 4735121
List the prime factors of 1143546193.
397, 2880469
What are the prime factors of 99570841?
23, 4329167
List the prime factors of 2387904758.
2, 23, 59, 283, 3109
List the prime factors of 83982446.
2, 41991223
List the prime factors of 5343988706.
2, 7, 277, 28123
List the prime factors of 16447738.
2, 17, 483757
List the prime factors of 3891964.
2, 972991
List the prime factors of 56640215.
5, 103, 109, 1009
What are the prime factors of 54187011?
3, 23, 261773
What are the prime factors of 411338113?
139, 2959267
What are the prime factors of 49879725?
3, 5, 7, 95009
What are the prime factors of 35401081?
41, 773, 1117
What are the prime factors of 213558020?
2, 5, 13, 821377
What are the prime factors of 88648612?
2, 13, 71, 1847
What are the prime factors of 35431051?
491, 72161
What are the prime factors of 996905?
5, 7, 13, 313
List the prime factors of 522313225.
5, 7, 853, 3499
What are the prime factors of 461079936?
2, 3, 400243
What are the prime factors of 783059506?
2, 391529753
What are the prime factors of 198830081?
198830081
What are the prime factors of 4819790?
2, 5, 79, 6101
What are the prime factors of 4467687?
3, 7, 79, 2693
List the prime factors of 44677026.
2, 3, 131, 18947
What are the prime factors of 2766269759?
11, 179, 1404911
List the prime factors of 656855901.
3, 13, 5614153
What are the prime factors of 1401308364?
2, 3, 6011, 19427
What are the prime factors of 533253008?
2, 17, 401, 4889
List the prime factors of 46315174.
2, 17, 1362211
What are the prime factors of 32915959?
32915959
What are the prime factors of 958055206?
2, 211, 751, 3023
What are the prime factors of 48666281?
48666281
What are the prime factors of 970489469?
23333, 41593
What are the prime factors of 54091224?
2, 3, 11, 163, 419
What are the prime factors of 240287634?
2, 3, 31, 41, 389
What are the prime factors of 95288550?
2, 3, 5, 7, 151, 601
List the prime factors of 3643330153.
127, 28687639
List the prime factors of 24600127.
2887, 8521
What are the prime factors of 1189618610?
2, 5, 2657, 44773
List the prime factors of 34941891.
3, 127, 91711
What are the prime factors of 255947346?
2, 3, 31, 229, 2003
List the prime factors of 16108245.
3, 5, 311, 1151
List the prime factors of 254460071.
167, 389, 3917
What are the prime factors of 1110486065?
5, 13, 19, 899179
List the prime factors of 1061100861.
3, 367, 963761
List the prime factors of 12082835.
5, 17, 142151
What are the prime factors of 47714332?
2, 31, 449, 857
List the prime factors of 186052564.
2, 593, 78437
What are the prime factors of 94219937?
7, 23, 585217
What are the prime factors of 479986949?
13, 19, 359, 5413
What are the prime factors of 631877096?
2, 78984637
List the prime factors of 81784397.
491, 166567
List the prime factors of 1066471440.
2, 3, 5, 4443631
List the prime factors of 348627241.
29, 12021629
What are the prime factors of 963882114?
2, 3, 13, 23, 537281
What are the prime factors of 32176878?
2, 3, 461, 11633
List the prime factors of 39750509.
23, 79, 131, 167
List the prime factors of 1380514996.
2, 7, 19, 2594953
What are the prime factors of 2616152543?
2616152543
List the prime factors of 17464223.
7, 2494889
List the prime factors of 83234968.
2, 10404371
What are the prime factors of 7327934?
2, 173, 21179
What are the prime factors of 31563659?
23, 1063, 1291
What are the prime factors of 272827680?
2, 3, 5, 568391
List the prime factors of 269751699.
3, 7, 17, 61, 4129
What are the prime factors of 3269839662?
2, 3, 409, 444151
What are the prime factors of 8262972?
2, 3, 8501
List the prime factors of 6922172.
2, 23, 67, 1123
What are the prime factors of 1779106989?
3, 11, 653, 82561
List the prime factors of 12483064.
2, 11, 141853
What are the prime factors of 60691501?
13, 4668577
What are the prime factors of 2560642541?
2560642541
List the prime factors of 559758563.
7, 13, 19, 43, 7529
List the prime factors of 62783290.
2, 5, 6278329
What are the prime factors of 4507190418?
2, 3, 1583, 474541
List the prime factors of 879354950.
2, 5, 37, 475327
List the prime factors of 619438091.
43, 173, 83269
List the prime factors of 369914928.
2, 3, 7706561
What are the prime factors of 504153280?
2, 5, 1575479
List the prime factors of 182055354.
2, 3, 13, 61, 83, 461
What are the prime factors of 2498138091?
3, 30841211
What are the prime factors of 1059528254?
2, 59, 503, 17851
What are the prime factors of 180985181?
13, 13921937
List the prime factors of 540132383.
7, 77161769
What are the prime factors of 751340106?
2, 3, 11, 3794647
List the prime factors of 18182892.
2, 3, 7, 13, 16651
List the prime factors of 418497300.
2, 3, 5, 13, 11923
What are the prime factors of 1069937452?
2, 267484363
List the prime factors of 107223426.
2, 3, 661873
What are the prime factors of 259301855?
5, 97, 239, 2237
What are the prime factors of 847672352?
2, 59, 257, 1747
List the prime factors of 5644991012.
2, 73, 19332161
List the prime factors of 9659951.
7, 1379993
List the prime factors of 203920633.
7, 29131519
List the prime factors of 3776959304.
2, 29, 1949, 8353
List the prime factors of 642710982.
2, 3, 107118497
What are the prime factors of 249792580?
2, 5, 12489629
List the prime factors of 2070187728.
2, 3, 7, 73, 84401
List the prime factors of 3451268548.
2, 7, 13, 1354501
List the prime factors of 3439522498.
2, 941, 1827589
What are the prime factors of 103822683?
3, 43, 89, 9043
What are the prime factors of 44808038?
2, 11, 61, 173, 193
What are the prime factors of 4051376058?
2, 3, 353, 1912831
List the prime factors of 110035558.
2, 37, 113, 13159
What are the prime factors of 5308634016?
2, 3, 7, 281, 9371
List the prime factors of 103379312.
2, 17, 380071
What are the prime factors of 52498308?
2, 3, 61, 71719
List the prime factors of 1065926624.
2, 7, 227, 20963
What are the prime factors of 30193113?
3, 193, 52147
List the prime factors of 289838654.
2, 7, 19, 31, 35149
What are the prime factors of 656748188?
2, 103, 1594049
What are the prime factors of 71480255?
5, 7, 11, 401, 463
What are the prime factors of 25914481?
31, 835951
What are the prime factors of 1542620?
2, 5, 137, 563
List the prime factors of 1102405364.
2, 23, 1933, 6199
List the prime factors of 145908532.
2, 7, 11, 473729
What a